et s(h) = 15*h - 8. Let u be s(2). Suppose u = -n*a + 4*a. What is the remainder when 19 is divided by a?
8
Let g(j) be the third derivative of j**5/60 - j**4/4 + 5*j**3/3 + j**2. What is the remainder when (35 - (-11 - -7)) + -6 is divided by g(7)?
16
Suppose -10*t + 122 = -58. Let b(o) = -9*o + 5. Calculate the remainder when b(-5) is divided by t.
14
Let v(f) = 3*f + 84. Let p be v(-6). What is the remainder when ((-18)/(-4))/(3/p) is divided by 26?
21
Suppose -9*l = -27 - 0. Calculate the remainder when 17 is divided by l.
2
Let s(l) = l**3 + 2*l + 53. Let d be s(0). Suppose -4*m - 3*f + d = 0, -2*m + 4*f = -m - 37. Calculate the remainder when m is divided by 9.
8
What is the remainder when 1825 is divided by 469/21 - 36/27?
19
What is the remainder when 89 is divided by (5600/56)/((1 - 1) + 2)?
39
Suppose 3*k - 5*c + 30 = -4*c, -4*k - 45 = -3*c. Let r = k + 17. What is the remainder when 45 is divided by r?
5
Suppose -2*s + 7*s = 20. Suppose 17 = s*k - 0*k - z, -3*z = k - 1. What is the remainder when 35 is divided by 1*(-19)/(k/(-4))?
16
Let o(t) = 2*t + 8. Let g be o(6). Suppose 0 = 2*f - 7*f + g. Suppose -c = f*c - 55. What is the remainder when 32 is divided by c?
10
Suppose -s + 10 = 4*s. Let r = 4 - s. Suppose -5*y + r*y - 27 = -2*p, 0 = y - 1. Calculate the remainder when 42 is divided by p.
12
Suppose -170 = -o + 2*w - 0*w, 12 = 3*w. Suppose 5*q = 2*s + o, -3*q + 3*s = -0*s - 114. What is the remainder when q is divided by (2/4)/(2/48)?
10
Let l(r) be the first derivative of -r**3/3 + 4*r**2 + 1. Suppose -3*v + k = -15, 53 - 27 = 2*v + 2*k. Calculate the remainder when l(6) is divided by v.
5
Suppose 166 = 3*z + x, 0 = z + 2*x + 2*x - 48. What is the remainder when 162 is divided by z?
50
Suppose 266 = u - 8*u. Let m = -15 - u. Calculate the remainder when 86 is divided by m.
17
Suppose 2*i - 3*q = -2*i - 13, -9 = 3*i - 3*q. Calculate the remainder when 21 is divided by ((-20)/(-8))/((-6)/i + -1).
1
Let b(p) = -p**3 - 5*p**2 + 94*p - 15. Calculate the remainder when 104 is divided by b(7).
49
Let g be (8988/126)/((8/6)/2). Suppose g = 4*h + 87. What is the remainder when h is divided by 1?
0
Suppose -2*k - 275 = -3*q, 3*q - 106 = -2*k + 177. Calculate the remainder when q is divided by 14.
9
Suppose 335*j - 323*j = 3732. What is the remainder when j is divided by 74?
15
Suppose 976 = 844*l - 840*l. What is the remainder when l is divided by 83?
78
Suppose -y - 3*w = -6*y + 41, 8 = 2*y - 4*w. Let g(p) = -p**2 + 7*p - 7. Let t be g(3). Calculate the remainder when (13/(-4))/(t/(-40)) is divided by y.
6
Let o = -841 - -853. What is the remainder when (19/(-3))/((-2)/30) is divided by o?
11
Suppose 29*f + 11 = 30*f. Calculate the remainder when 74 is divided by f.
8
Let i = -131 - -147. Calculate the remainder when 51 is divided by i.
3
Let i(k) = -62*k - 4 + 1 + 64*k. What is the remainder when (-12)/8*(-82)/3 is divided by i(7)?
8
What is the remainder when 95 is divided by (-5)/(3 - -12) - 272/(-6)?
5
Let w = 16 - -212. Calculate the remainder when w is divided by 10.
8
Let y(k) = -k**2 + 5*k + 6. Let d be y(6). Suppose d = 2*r - 52 - 58. Calculate the remainder when r is divided by 19.
17
Let w(i) = 3*i**2 + 24*i + 6. Calculate the remainder when 75 is divided by w(-8).
3
Let w = -12 + 25. Let p = 30 + w. What is the remainder when p is divided by 9?
7
Let r be 3*(2/11 - 3056/(-132)). What is the remainder when 133 is divided by (102/(-10))/((-21)/r)?
31
Let f = 3 + 3. Let y = -6 + f. Suppose y = -5*h + 33 + 152. Calculate the remainder when h is divided by 13.
11
Let j = 81 + -4. Suppose l + j = 2*l. What is the remainder when l is divided by 16?
13
Suppose 4*d = -2*o + 144, -4*o + 22 = -9*d + 10*d. Calculate the remainder when 76 is divided by d.
0
Let a be (-7 - -5)/(2/1). Let y be -2*(a + 3)/(-1). Suppose -y*t + 8 = -252. What is the remainder when t is divided by 22?
21
Suppose 6*z - 4*z + 28 = -3*l, -3*z - 44 = 4*l. Let b = 33 - z. Suppose -4*n = -0*n - 56. What is the remainder when b is divided by n?
11
Suppose -8*i + 3 + 21 = 0. Suppose -4*g + 2*g - 26 = -2*j, 35 = i*j - g. What is the remainder when 65 is divided by j?
10
Let a(q) = 3*q**2 + 32*q + 89. Let d = -21 - -30. Calculate the remainder when a(-9) is divided by d.
8
What is the remainder when 31 is divided by (2 + 21/(-9))*(-1326)/26?
14
Let p = 20 + -9. Let y(l) be the third derivative of -5*l**4/6 + 7*l**3/3 - 17*l**2. Calculate the remainder when y(-3) is divided by p.
8
Let x = -450 - -567. What is the remainder when x is divided by 30?
27
Let k = -1414 - -1461. Calculate the remainder when 55 is divided by k.
8
Suppose z = 6*z - 3*j - 150, z = 4*j + 13. Suppose -416 = -5*x + 239. Calculate the remainder when x is divided by z.
32
Suppose 5*z - 5 = 0, 3*z - 4*z = -4*a + 11. Suppose -2*r + a = -3. Suppose s - 2*h = 32, s - 93 = -2*s + r*h. Calculate the remainder when 58 is divided by s.
28
Let x(n) = -2*n - 7. Let c be x(-3). Let f be (-3 + 3 + c)*-5. Suppose 50 = f*z - 135. Calculate the remainder when z is divided by 10.
7
Suppose -12*a - 1536 = -151*a - 146. What is the remainder when 1 + (39 - (-2)/(-2)) is divided by a?
9
Suppose 12*m - 628 = -28. Calculate the remainder when 52 is divided by m.
2
Suppose 0 = -3*m + l + 170, 0 = -5*m - 3*l + 4*l + 286. What is the remainder when m is divided by 15?
13
Let j = -1113 - -1121. Suppose -2*d + 55 = -d + 2*i, d = i + 67. Calculate the remainder when d is divided by j.
7
What is the remainder when 936/9 + (-3 - -3) + -3 is divided by 13?
10
Let k = 58 - 57. Suppose j + t = 7, 2*j + 3 = 2*t + k. What is the remainder when j is divided by 3?
0
Let a(r) = -r**3 + r**2 - r + 100. What is the remainder when a(0) is divided by 21?
16
What is the remainder when ((-14)/((-560)/270))/((-1)/(-12)) is divided by 14?
11
Let z = 243 - 161. Let a = -80 + z. What is the remainder when 7 is divided by a?
1
Suppose -2*n - 3*n - 3*w = 270, -3*n - 5*w - 146 = 0. Suppose 3*s - 27 = -93. Let u = s - n. What is the remainder when u is divided by 13?
9
Let o = 299 - 269. Calculate the remainder when 509 is divided by o.
29
Suppose -i = -4*i + 5*b + 27, 3*b = -9. What is the remainder when (182/104)/((-3)/(-24)) is divided by i?
2
Let u = -202 - -255. Calculate the remainder when 196 is divided by u.
37
Suppose -31*p + 29*p + 10 = 0. Suppose 4*w - 114 - 96 = -5*o, -w - 5 = 0. Let u = o + p. What is the remainder when u is divided by 13?
12
Let s(h) = 25*h + 19*h - 42*h. Let z = -34 - -88. What is the remainder when z is divided by s(7)?
12
Let k(p) = 97*p - 75. Calculate the remainder when k(4) is divided by 35.
33
Suppose 624 = -15*g + 18*g. What is the remainder when g is divided by 19?
18
Suppose i = 5*m + 3*i - 156, 102 = 3*m + 4*i. Let z = m + -23. Calculate the remainder when 18 is divided by z.
4
Suppose 4*p - 22 = -2*m, -p = -3*m + 2*p + 69. Suppose 2*s = 5*q + 1 - 35, s = 3*q - 20. What is the remainder when m is divided by q?
1
Let u = -4 + 13. Let o = 492 + -461. Calculate the remainder when o is divided by u.
4
Let q = -9 - -21. Let f(d) be the third derivative of d**5/60 - 11*d**4/24 - 3*d**3/2 - 6*d**2. Calculate the remainder when 8 is divided by f(q).
2
Suppose -2*i + 210 = 5*m, 100 = 2*m - 127*i + 131*i. Suppose -4*l + 4*f + 23 = -f, -3*l + 26 = -2*f. What is the remainder when m is divided by l?
4
Suppose 72 = 2*z - 48. What is the remainder when z is divided by 33?
27
Calculate the remainder when (158/(-10) + 116/(-290))*-10 is divided by 160.
2
Suppose -60 = -7*l + l. Suppose d - l = 24. What is the remainder when d is divided by (-1)/3 + (-110)/(-6)?
16
Let r(d) = d**3 - 8*d**2 - 20*d + 4. Suppose 0 = 2*m - 2*c, -m - c - 3*c = -5. Let h = m + 4. What is the remainder when h is divided by r(10)?
1
Let u(c) = 11*c + 2. Let j be u(2). Suppose -24 = -6*q + 186. Let o = q - j. Calculate the remainder when 41 is divided by o.
8
What is the remainder when (-6)/21 - 163/(-7) is divided by 4 - 4/(2 - 4)?
5
Let w(l) = -l**2 + 12*l + 7. Suppose 5*p - 87 = -b - 29, -210 = -4*b + 2*p. Calculate the remainder when b is divided by w(11).
17
Suppose 2*i + 3*t - 10 = 0, -35 = 5*i - 2*t - 98. Let u = i - 8. What is the remainder when u is divided by (3/4)/3 - (-1936)/704?
0
Let w(l) be the second derivative of -13*l**3/6 - l*